- -18?
376
In base 7, what is -3 - 5334?
-5340
In base 2, what is 10 - -10010001100110?
10010001101000
In base 3, what is -2022 - 10?
-2102
In base 11, what is 211 + -2?
20a
In base 13, what is -b - -33?
25
In base 2, what is 101 + -10000?
-1011
In base 16, what is 2 - 11e?
-11c
In base 12, what is -8 - 463?
-46b
In base 13, what is -5 - -39?
34
In base 15, what is 487 - 5?
482
In base 3, what is 201 + 100?
1001
In base 11, what is 2 + -a96?
-a94
In base 7, what is 13 + -1340?
-1324
In base 7, what is -3123 - -4?
-3116
In base 6, what is -4 + 111?
103
In base 16, what is 6803 - -2?
6805
In base 10, what is -1281 - -1?
-1280
In base 3, what is -20010 + -10?
-20020
In base 12, what is -41b6 - 1?
-41b7
In base 8, what is 1464 - 3?
1461
In base 13, what is 10 + 9?
19
In base 9, what is -320 - -106?
-213
In base 11, what is -1 - 3?
-4
In base 15, what is 1d73 + -3?
1d70
In base 2, what is 1010001 - -101111?
10000000
In base 10, what is -3043 - 0?
-3043
In base 6, what is 55 - 214?
-115
In base 10, what is -52 + -7?
-59
In base 9, what is 16 - 8?
7
In base 7, what is -14110 - -1?
-14106
In base 6, what is 2150 + -11?
2135
In base 7, what is -2 - -155?
153
In base 5, what is 1 + 112031?
112032
In base 9, what is 14 + 230?
244
In base 14, what is 4 + b?
11
In base 16, what is -d7 + 4?
-d3
In base 16, what is -6 + 1?
-5
In base 2, what is -110 - 10?
-1000
In base 16, what is 680 - 3?
67d
In base 4, what is 30 - -213?
303
In base 16, what is 3 + 31?
34
In base 13, what is -25 + c3?
9b
In base 16, what is 363 - -1?
364
In base 10, what is 1631 + 0?
1631
In base 6, what is 2 - -11332?
11334
In base 2, what is 10110101 + 1?
10110110
In base 9, what is 147 + 5?
153
In base 13, what is -3 - 163?
-166
In base 11, what is 14a + -12?
138
In base 9, what is -71 + 0?
-71
In base 9, what is 3 - 20?
-16
In base 14, what is 7 - 66b?
-664
In base 15, what is 5 + 13?
18
In base 16, what is 2 - 1c?
-1a
In base 8, what is 610 - -3?
613
In base 6, what is -44 - 0?
-44
In base 9, what is -2 + -611?
-613
In base 6, what is 2153 - -3?
2200
In base 14, what is 5cb + 4?
5d1
In base 7, what is -1104 + -3?
-1110
In base 6, what is 5 - -105?
114
In base 13, what is -1 - 21?
-22
In base 10, what is 2 + 10020?
10022
In base 3, what is 11 - -211?
222
In base 2, what is 1000 - 1100101111110?
-1100101110110
In base 7, what is 56 + 1021?
1110
In base 14, what is -1b + -3?
-20
In base 2, what is -100 + -110110?
-111010
In base 12, what is -3 + -287?
-28a
In base 9, what is 6 + -101?
-84
In base 13, what is 0 - 235a?
-235a
In base 13, what is -24 + 0?
-24
In base 8, what is -16 - 3?
-21
In base 9, what is 18 + -1?
17
In base 12, what is -5 - -35?
30
In base 16, what is -38 - 4?
-3c
In base 7, what is 1344 - -5?
1352
In base 8, what is 433 - 0?
433
In base 4, what is -1032 - -101?
-331
In base 5, what is -100103 - 1?
-100104
In base 8, what is 167 - 1?
166
In base 4, what is -2 - -302120?
302112
In base 13, what is 8 - -2c?
37
In base 9, what is 123 + 22?
145
In base 15, what is 5 - -72b?
731
In base 8, what is -20 + 37?
17
In base 15, what is 0 - 1a9?
-1a9
In base 15, what is 41 + -15?
2b
In base 15, what is 11 + -5?
b
In base 3, what is 100101 + 12?
100120
In base 15, what is -200 + 3?
-1ec
In base 14, what is 3d - -2?
41
In base 2, what is 100 - 10000?
-1100
In base 3, what is -100 - -102201?
102101
In base 9, what is -1346 + 3?
-1343
In base 14, what is 19 + -2c?
-13
In base 15, what is -4 - -24?
20
In base 10, what is 4 - -71?
75
In base 12, what is -3 - -1a?
17
In base 12, what is -6 + -591?
-597
In base 9, what is -2 - -6?
4
In base 12, what is -5 + 15b?
156
In base 15, what is 2 + 60?
62
In base 15, what is -836c + -4?
-8371
In base 11, what is -319 + 4?
-315
In base 12, what is 155 + 15?
16a
In base 9, what is -5 + 438?
433
In base 4, what is 10 - 2213?
-2203
In base 13, what is -23 + -1?
-24
In base 9, what is 4 + -460?
-455
In base 6, what is 540 + -41?
455
In base 12, what is -17 - -4?
-13
In base 2, what is -101101101 + -101?
-101110010
In base 9, what is 1782 - -3?
1785
In base 2, what is -100 - 1000?
-1100
In base 3, what is -12 - 11201120?
-11201202
In base 2, what is -10110 - -11110?
1000
In base 8, what is -13053 + 5?
-13046
In base 13, what is b + 4?
12
In base 6, what is 2352 - -4?
2400
In base 4, what is -2232 + 103?
-2123
In base 5, what is -4 + 314?
310
In base 5, what is 111 - 2404?
-2243
In base 8, what is 1447 + -1?
1446
In base 6, what is 3 - 152?
-145
In base 6, what is -212 - -3?
-205
In base 5, what is -1 - 200?
-201
In base 11, what is 5 - -5?
a
In base 16, what is -3 + 3b?
38
In base 11, what is 2 - 38?
-36
In base 7, what is -113 - 22?
-135
In base 13, what is 0 + -26?
-26
In base 8, what is -114 + 0?
-114
In base 11, what is 9 + -4?
5
In base 12, what is 774 - 2?
772
In base 13, what is 3 + 4b?
51
In base 8, what is 10226 + 3?
10231
In base 6, what is 2 - -435?
441
In base 7, what is 4 - -6?
13
In base 12, what is 3 + 5?
8
In base 16, what is 17d - 7?
176
In base 14, what is 8 + -124?
-11a
In base 5, what is 3 - 12431?
-12423
In base 5, what is 1 + -24013?
-24012
In base 4, what is -20 - -22100?
22020
In base 15, what is -29 - 6?
-30
In base 13, what is 4 - -b9?
c0
In base 10, what is -2 + 2?
0
In base 3, what is 1221 + -21210?
-12212
In base 4, what is 0 - 1111?
-1111
In base 11, what is -626 - 2?
-628
In base 15, what is a - -d0?
da
In base 3, what is -12202 - -1?
-12201
In base 4, what is -2 - 311?
-313
In base 3, what is 10 + 1011000?
1011010
In base 11, what is 40 + -46?
-6
In base 13, what is 1 - 70?
-6c
In base 4, what is -22232 + -3?
-22301
In base 10, what is 23 + 101?
124
In base 11, what is -17 - 28?
-44
In base 9, what is -3 + -21?
-24
In base 6, what is -43220 + -5?
-43225
In base 3, what is 201102 - 12?
201020
In base 16, what is -4c8 + 1?
-4c7
In base 11, what is -4a + 75?
26
In base 5, what is 102 - 0?
102
In base 5, what is 143 - 31?
112
In base 6, what is 3 + -4551?
-4544
In base 9, what is 607 + 5?
613
In base 4, what is -11 - -1000?
323
In base 7, what is -5 - -466?
461
In base 4, what is -110 - 11?
-121
In base 11, what is -1 - 13?
-14
In base 6, what is -45 + -4?
-53
In base 14, what is -315 - 0?
-315
In base 6, what is -4413 + -5?
-4422
In base 16, what is 2 + -281?
-27f
In base 16, what is 1912 - -1?
1913
In base 7, what is -2504 - 3?
-2510
In base 10, what is -7 - 1694?
-1701
In base 15, what is -9bd - 5?
-9c3
In base 2, what is 1 - 1110001?
-1110000
In base 11, what is -8180 + -2?
-8182
In base 15, what is -7 + 44?
3c
In base 8, what is 114 + 3?
117
In base 15, what is 0 + 107?
107
In base 9, what is 11 - -86?
107
In base 5, what is -2332 + -32?
-2414
In base 13, what is -28c + c?
-280
In base 2, what is 0 + -10011011111?
-10011011111
In base 15, what is 6e95 - 2?
6e93
In base 15, what is 34 + -6e?
-3a
In base 11, what is -12 - 9?
-20
In base 10, what is -3175 - -3?
-3172
In base 9, what is 706 + 12?
718
In base 4, what is 11211 + -2?
11203
In base 16, what is -1 - 10cc?
-10cd
In base 3, what is 1020 + 10212?
12002
In base 12, what is a - -781?
78b
In base 4, what is -1 + -1231?
-1232
In base 16, what is -a3 - -4?
-9f
In base 6, what is -15 + 1441?
1422
In base 15, what is -50 - d?
-5d
In base 12, what is -3 + -95?
-98
In base 3, what is 21102 - 12?
21020
In base 15, what is 3 - -266?
269
In base 14, what is c + 7c?
8a
In base 9, what is -3584 + -6?
-3601
In base 15, what is -423 + 1?
-422
In base 14, what is -5 - -98c?
987
In base 8, what is 2 - -1043?
1045
In base 4, what is 121 - 11210?
-11023
In base 8, what is -57 + 0?
-57
In base 8, what is -42 + -7?
-51
In base 12, what is 73 - -a?
81
In base 3, what is -2 + 2021122?
2021120
In base 12, what is -2402 - 6?
-2408
In base 3, what is 20121 - -12?
20210
In base 7, what is -4 + 114?
110
In base 2, what is -101 + -11000?
-11101
In base 6, what is -2 + -533?
-535
In base 9, what is -65 - -175?
110
In base 3, what is 2 + -10001?
-2222
In base 10, what is -5 + -176?
-181
In base 16, what is -1cf + 7?
-1c8
In base 12, what is -4 - 13?
-17
In base 8, what is -2 - 130?
-132
In base 3, what is -1010102 - 1?
-1010110
In base 8, what is 0 - -72?
72
In base 2, what is -11101010100110 - 100?
-11101010101010
In base 16, what is -4f4 - 4?
-4f8
In base 3, what is 110 + 122211?
200021
In 